3 - 7*q**2 - 67*q + 482. What is the remainder when i is divided by o(8)?
9
Suppose -18*s + 19*s - 961 = -30*s. Let c = 54 + 130. What is the remainder when c is divided by s?
29
Suppose -l - 2*q = q - 49, 3*l - 2*q - 180 = 0. Let k = 106 - l. What is the remainder when k is divided by 10?
8
Calculate the remainder when 109 is divided by 2/(-8) - 19125/(-340).
53
Suppose 4*s + 32 = 3*f, -2*f = 3*f - 4*s - 48. Calculate the remainder when 509 is divided by f.
5
Let s = 20 + -12. Let h = s - 7. Calculate the remainder when 2 is divided by h.
0
Let s(t) = 28 - 2*t - 16 - 7 + 66. Let d(k) = -k**3 + 8*k**2 - 5*k - 3. What is the remainder when s(21) is divided by d(7)?
7
Let k be 6*(-1 + (-46)/(-4)). Suppose 3*w - 88 = -4*p, p - k = -2*p - 3*w. Calculate the remainder when 99 is divided by p.
24
Suppose -x = 2*y + 14, y - 21 = 4*y - x. Let w(d) = -d**3 - 7*d**2 - 4*d + 10. Calculate the remainder when w(y) is divided by 13.
12
Let j(a) = a**2 - 6*a + 10. Let c(k) = k**3 - 4*k**2 - 3*k - 3. Let f be c(5). Let t = -48 - -98. What is the remainder when t is divided by j(f)?
16
Let r(d) = 5*d + 138. Let s = 39 + -23. Calculate the remainder when s is divided by r(-26).
0
Let x(j) = -31*j + 24. What is the remainder when x(-4) is divided by 19?
15
Suppose -19*f + 20*f = 39. Let v(r) = r + 27. What is the remainder when f is divided by v(-13)?
11
Let k(x) = 3*x**3 + 2*x**2 - 2*x + 1. Let c(s) = -s + 4. Let n be c(-4). Let i = n + -6. Calculate the remainder when k(1) is divided by i.
0
Let g = -2414 - -2438. Calculate the remainder when 357 is divided by g.
21
Let z(q) be the first derivative of -q**4/4 + 11*q**3/3 + 27*q**2/2 + 9*q - 1. Calculate the remainder when 108 is divided by z(13).
20
Let u = 37 + 2. Suppose 0 = -2*k - 3*k. Suppose -l = k, -2*c + 3*l = -2*l - 40. Calculate the remainder when u is divided by c.
19
Suppose 0*y = -3*y + 54. Let m(f) = 9*f**2 + 7*f - 17. Calculate the remainder when m(2) is divided by y.
15
What is the remainder when 2/1*(187 + 0) is divided by 125?
124
Let r(q) = -10*q + 4. Let i = 21 - 25. Calculate the remainder when r(i) is divided by 12.
8
Suppose -7 = 4*q + 49. Suppose 4*i + 27 = 5*m, -9*i = -5*m - 7*i + 31. Calculate the remainder when m is divided by q/(-4) + (-1)/(-2).
3
Let b = 3 + -1. Suppose 5*c - u - 23 = 0, 2*c - 5*c = b*u - 19. Suppose 8 = 4*s - 3*r, 3*s = c*s - 3*r + 2. Calculate the remainder when 19 is divided by s.
4
Suppose 15 = -3*g - 2*x, -2*g = 3*g + 5*x + 30. Calculate the remainder when 16 is divided by ((-20)/g)/(12/18).
6
Let l = 343 + -319. Calculate the remainder when 501 is divided by l.
21
Let j be 1/(-2) + 58/4. Let m = 14 - j. Suppose m*x = -2*x + 12. What is the remainder when 17 is divided by x?
5
Let x(i) = 6*i**2 - 38*i + 11. Calculate the remainder when x(11) is divided by 25.
19
What is the remainder when (-102)/(-153) - 86/(-6) is divided by -2 + (1 + -19)/(-2)?
1
Suppose 8*l = 5*l + 129. What is the remainder when l is divided by 12?
7
Let y(i) be the third derivative of -i**4/3 - 23*i**3/6 + 17*i**2. Calculate the remainder when y(-10) is divided by 15.
12
Let x = -5 + 9. Let i = -24 - -14. Calculate the remainder when (-445)/i*(-2 + x) is divided by 23.
20
Let z = -1594 + 2043. What is the remainder when z is divided by 41?
39
Let k = 32 - 7. What is the remainder when 40 is divided by k?
15
Let g = -62 + 48. Let b be (46/4)/(1/(-2)). Let k = g - b. What is the remainder when 42 is divided by k?
6
Suppose -13*i + 8*i + 95 = 0. Suppose 8*m - 6*m = 150. Calculate the remainder when m is divided by i.
18
Let j be 0*-3*3/9. Let x(u) be the second derivative of u**5/20 + u**4/12 + u**3/6 + 19*u**2/2 - 6*u. Calculate the remainder when x(j) is divided by 5.
4
Suppose -27*g + 17*g = -3350. What is the remainder when g is divided by 13?
10
Let p = 57 + -22. What is the remainder when p is divided by 18?
17
Suppose 11*d = 7*d + 32. Suppose 0*r = -2*y - 4*r + 34, 65 = 4*y + 5*r. Let h = y - -16. Calculate the remainder when h is divided by d.
7
Suppose 14 = -2*a - 4*c - 2, -3*c = 15. Let o be (52/2)/(2*-1). Let m = -7 - o. Calculate the remainder when m is divided by a.
0
Let f = -136 + 240. What is the remainder when f is divided by 29?
17
What is the remainder when (2/(-6))/((-2)/102) is divided by 235/40 + 5/40?
5
Let p = 11 - 5. Calculate the remainder when 70 is divided by p.
4
Suppose -2*c - 4 - 4 = 3*b, -2*b = -3*c - 25. Let u(n) = -5*n - 9. What is the remainder when u(c) is divided by 138/21 + (-18)/(-42)?
5
Let s(y) = 2*y**2 - 15 + 1 - 10*y + 2 + y**3 - 13*y**2. Calculate the remainder when 23 is divided by s(12).
11
Let u = 34 - 31. Suppose 17 = u*a - 0*v - 2*v, -3*v + 15 = 0. What is the remainder when 26 is divided by a?
8
Let j = -10 - -13. Let d = 66 - 31. What is the remainder when d is divided by 4/((-40)/(-12) - j)?
11
Let g = 7 - -8. Let r(z) = 9*z - 38. Calculate the remainder when r(9) is divided by g.
13
Let w be ((-14)/4)/(5/10). Let c = w + 49. Let m(b) = -2*b + 1. What is the remainder when c is divided by m(-5)?
9
Let l(j) = j**3 - j**2 - 29*j + 29. What is the remainder when l(-5) is divided by 4?
0
Let q(s) be the third derivative of s**6/120 - s**5/12 + s**4/24 + 4*s**3/3 - 12*s**2. Calculate the remainder when 50 is divided by q(5).
11
Let b(l) = 20 + 11 - 7*l - 13 - l**2 + 14. What is the remainder when 59 is divided by b(-8)?
11
Suppose 2398 = -2610*c + 2621*c. What is the remainder when c is divided by 4?
2
What is the remainder when -1*(-30)/(-10) - 56/(-1) is divided by 8?
5
Let n(x) = -9*x + 2. Let k be n(-3). Suppose -5*u + 1 = -k. Suppose 3*y - 3*g - g = 46, 15 = 3*g. What is the remainder when y is divided by u?
4
Let g(d) = 2*d**2 + 2*d - 1. Let b = 35 - 31. Suppose u - b*m - 36 = -3*u, m = -3*u + 15. Calculate the remainder when g(-3) is divided by u.
5
Let r = 35 - 10. Let t(p) = -39*p - 13. Calculate the remainder when (r - 0)*(-1 + 4) is divided by t(-1).
23
Suppose -4*y - 17 - 31 = 4*n, n - 12 = 2*y. Let i = y - -13. Suppose j - 41 = 4*a - 9*a, a - i*j - 3 = 0. What is the remainder when 15 is divided by a?
7
Let l be (-2)/1*4 + 0/6. Let j be (-2 + -39 + 2)*1. Let x = l - j. Calculate the remainder when x is divided by 12.
7
Suppose 5*k = 88 - 3. Let p(l) = -7*l + 2*l**2 + 20*l + 16 + 2*l. What is the remainder when k is divided by p(-7)?
8
Let r = 4 + -18. Let n = -2 - r. Suppose 118*i = 116*i + 10. What is the remainder when n is divided by i?
2
Let b be 9 + -10 - (-2)/(-2). Calculate the remainder when 42 is divided by ((-10)/4 + 2)*17*b.
8
Suppose 0 = n + 4*v - 37, 3*v = -n + 2*n - 2. Let o(m) = 18*m - 5. Calculate the remainder when o(4) is divided by n.
16
Let z(l) be the second derivative of l**3 - 7*l**2/2 + 3*l. Suppose 7*o + 6 = 9*o. What is the remainder when 20 is divided by z(o)?
9
Let k = -240 - -256. Let w(a) = 8*a**2 + 3*a + 2. Calculate the remainder when w(-2) is divided by k.
12
Let g = -11 - -18. Suppose 0 = -g*i - 453 - 436. Let r = -70 - i. Calculate the remainder when r is divided by 12.
9
Suppose -27*w + 265 = -167. Suppose 89 = 3*m - 202. Suppose 44 + m = 3*s. Calculate the remainder when s is divided by w.
15
Suppose 3*s = -6*f + 4*f + 111, 267 = 4*f - 3*s. Let i = -200 + f. Let g = 200 + i. What is the remainder when g is divided by 16?
15
Let p(c) = c**2 - 3*c + 1. Let i be p(6). Let t = i - 7. Calculate the remainder when 32 is divided by t.
8
Let z = -184 + 207. Calculate the remainder when 34 is divided by z.
11
Let p(b) = 4*b + 10. Let o = -32 - -32. Suppose 5*u + 0*u = 90. What is the remainder when u is divided by p(o)?
8
Suppose 0 = 5*o + 25, -5*h - 3*o + 23 - 3 = 0. Let n = 8695 + -8663. What is the remainder when n is divided by h?
4
Let o(l) = -22*l + 68 - 5*l**2 + 4*l**2 - 42. What is the remainder when 92 is divided by o(-21)?
45
Suppose 4*h - 138 - 6 = 0. Let a be h/12 + 0 + 0. Suppose 7 = a*t - 71. Calculate the remainder when t is divided by 7.
5
Suppose -7*g = -3*g - 140. Suppose 5*t = -3*w + 34, -w = -4*t - t - 38. Calculate the remainder when g is divided by w.
17
Let o be (-4 + 9)*12/15. Suppose -2 = v, -2*v - 29 = -7*u + 2*u. Suppose 0 = -a + u*a - c - 8, 4*a + o*c = 28. Calculate the remainder when 3 is divided by a.
0
Suppose -11 + 5 = -2*l. Suppose -l*x = -x. Calculate the remainder w